f k.
3
Let i be 3/(-6)*552/(-2). Suppose -p = -4*v - i, -5*v - p = 179 - 2. Let a = -24 - v. List the prime factors of a.
11
Suppose -2*g - 4*t + 42 = 0, -3*g - t = t - 55. Let s(b) = -b**2 - 4*b + 7. Let p be s(-6). Let z = p + g. What are the prime factors of z?
2, 3
Suppose o + 4*o - 1215 = 0. List the prime factors of o.
3
Suppose 7*s = 3*s + 4, -2*f - 5 = 3*s. Let d = 5 - f. What are the prime factors of d?
3
Let u(v) = -v - 1. Suppose -j - j = 6, 12 = -a - 4*j. Suppose 2*o - 3*o - 6 = a. What are the prime factors of u(o)?
5
Let a = -74 - -125. Suppose -1 = -2*m + a. What are the prime factors of m?
2, 13
Let t(k) = 13*k**2 + k - 24. What are the prime factors of t(4)?
2, 47
Let x = 11 - 5. Let b be x/27 - 112/18. Let t = 11 + b. List the prime factors of t.
5
Let w(r) = -1 - 7*r**2 + 0*r**2 - 1 - 7*r - r**3. List the prime factors of w(-6).
2
What are the prime factors of (-716)/(-5) + 2/(-10)*1?
11, 13
Let j(z) = z - 3. Let u be j(0). List the prime factors of u - -2 - (-2 - 2).
3
Suppose 0*h + 3*h = 36. Suppose -h = -7*z + 3*z. Suppose -g + 32 = z*g. What are the prime factors of g?
2
Let z = -23 + 25. Suppose h + 46 = z*m - 9, -3*m + 110 = 4*h. List the prime factors of m.
2, 3, 5
Suppose 3*a + 5*v = 4*a + 2, 2*a - 2*v - 4 = 0. Suppose p + a*p = -208. List the prime factors of (-6)/39 + (-788)/p.
3, 5
Let z be ((-12)/24)/((-1)/(-62)). Let u = 25 - 44. Let q = u - z. List the prime factors of q.
2, 3
Let m be 1/(-3)*0 + 2. Let i(j) = 4*j + 2. What are the prime factors of i(m)?
2, 5
Let q(z) = -27*z - 5. Let o be q(-5). Suppose 5 = -5*h + o. What are the prime factors of h?
5
Suppose 3*d - 39 = -3*y, -3*y = -0*y - 5*d - 23. Let c = 7 + y. What are the prime factors of c?
2, 3
Let t(f) = 8*f. Let r(u) = -u. Let o(n) = 4*r(n) + t(n). Let i be o(1). Suppose 0*q - x - 3 = -q, i*q = 2*x + 12. List the prime factors of q.
3
Suppose 0*k = -5*k - 4*t + 298, -65 = -k + t. List the prime factors of k.
2, 31
Suppose 29 = -5*g + 29. Suppose 5*h = -l - l - 16, h = -3*l + 2. Suppose g*b = -l*b + 4. List the prime factors of b.
2
Let u(i) = i**2 - i - 8. What are the prime factors of u(4)?
2
Let q be -3*(336/9)/7. Let a be 2*(-2)/4 - -26. Let r = q + a. List the prime factors of r.
3
Let a(d) = d**3 + 6*d**2 - d + 2. Let v be a(-4). Let j = v + -2. List the prime factors of j.
2, 3
Let g(h) be the third derivative of h**6/120 - h**5/10 - 7*h**4/24 + 2*h**3/3 + h**2. Let f be (1 + 0 - 0)*7. What are the prime factors of g(f)?
2
Let f(s) = -2*s - 14. Let j be f(-10). Let a = 2 - j. List the prime factors of (a - -1) + 8 + -2.
3
Suppose 18*j - 81 = 17*j. What are the prime factors of j?
3
Let p be (0 - -2)*39/(-6). Let q = p - -23. List the prime factors of (12/q)/(3/30).
2, 3
Let i = 37 + -16. What are the prime factors of i?
3, 7
Suppose 2*o = -0*o + 8. Suppose -y - 193 = -5*j, 2*j + 5*y = 37 + 51. Suppose -3*k - 3*m = -0*m - j, o*k = -2*m + 42. List the prime factors of k.
2
Let z(l) be the first derivative of -l**4/12 + l**3/2 + l**2 - l + 2. Let q(u) be the first derivative of z(u). List the prime factors of q(3).
2
Let h(r) = -15*r - 21. Let w(o) = 4*o + 5. Let y(j) = -2*h(j) - 9*w(j). List the prime factors of y(-2).
3
Let p = 7 - 4. Let u = p - 0. What are the prime factors of u?
3
Let j(h) = h**3 - 3*h**2 - 7*h + 6. List the prime factors of j(5).
3, 7
Let u(p) = -p**3 + 3*p**2 + 2*p - 1. Let b be u(3). Let k = 8 - b. List the prime factors of (-1*k)/((-2)/6).
3
Let g = -23 + 37. Suppose 0 = 4*i - 0*i - 8. Suppose -u - i = -g. List the prime factors of u.
2, 3
Suppose -2*n = -0*n. Let s be (0 - 0)*-1 - -4. Let p = n + s. List the prime factors of p.
2
Suppose 3*n = -2*n - 4*x - 32, -5*n - 29 = 3*x. Let p = -1 - n. List the prime factors of p.
3
Let y = 5 - 3. Suppose -3*j = y*d - 51, 0*d - j = -4*d + 95. List the prime factors of d.
2, 3
Let x(l) = -l**3 - 16*l**2 - 19*l - 22. List the prime factors of x(-15).
2, 19
Suppose -4*r + r = -d + 25, 4*d + r = 165. List the prime factors of d.
2, 5
Suppose f + 3*f = 44. What are the prime factors of f?
11
Suppose -134 = -3*s - 5*a, s - 48 = -a - 0. Let u = -37 + s. What are the prime factors of u?
2
Let q(g) = g + 8. List the prime factors of q(11).
19
Suppose 4*o - 3*x = -0*x - 35, -4*o - 40 = -4*x. List the prime factors of 6/(-15) + (-182)/o.
2, 3
Suppose -2*p - 5*q + 34 = 0, -p = -3*p + 3*q + 66. Let y(d) = -d**2 + 3*d + 5. Let b be y(6). Let o = p + b. List the prime factors of o.
2, 7
Let a be (1 - 5)/(4/(-4)). Suppose -4*u + 0*u - 16 = -a*b, b = 2*u + 3. List the prime factors of b.
5
Let s be (2 + (-8)/3)*-69. Suppose 4*m = -4*j + 80, 2*m = -0*m - 5*j + s. Suppose 3*c + 3*q = -0*q + m, 0 = 2*c + 5*q - 6. List the prime factors of c.
2
Suppose -4*p = -4*g - 168 - 352, 5*g - 350 = -3*p. What are the prime factors of p?
5
Suppose 2*z - 14 = z + 4*x, 2*x - 2 = 0. Let a be z/4*(-8)/(-3). What are the prime factors of 1/(-1) + a + -3?
2
Suppose 2*a + 0*a - 136 = 0. What are the prime factors of a?
2, 17
Let u = 44 + -21. What are the prime factors of u?
23
What are the prime factors of 5/(-40) - (-306)/16?
19
List the prime factors of 2/10*-2 + 2601/15.
173
Suppose 0 = -4*u + u + 663. What are the prime factors of u?
13, 17
Let j be 0 - -2 - (-3 - -6). Let o = 59 - 37. Let b = o + j. List the prime factors of b.
3, 7
Suppose 157 + 367 = 2*f. List the prime factors of f.
2, 131
Suppose 0 = 2*l - 3*l + 1, -3*m + l + 68 = 0. What are the prime factors of m?
23
Suppose -w = 2*l + 3*w - 8, 2*w = -2*l + 6. Let t be 4/((4/(-6))/l). Let i = t + 21. List the prime factors of i.
3
Let u be 4*1/6*6. Let y be (-1*(u + -2))/2. What are the prime factors of y/4 + (-65)/(-20)?
3
Let f(r) = -r**3 + 2*r + 2. Let l be f(-2). Suppose -3*h - 33 = -l*h. List the prime factors of h.
11
Let y = 108 + -65. What are the prime factors of y?
43
Let o(x) = 8*x**2 - 3*x - 2. Let f = 1 - 3. Let y be o(f). Let t = y - 24. What are the prime factors of t?
2, 3
Let f(y) = -3*y - 2. Suppose 2 - 26 = 4*b. Let g be b - (-6)/(0 - -3). List the prime factors of f(g).
2, 5
Let l be (1 - -7)/(0 + -1). Let v be (l/(-10))/((-2)/(-10)). Suppose 5*u + 2*i - 44 = 0, u + v*i - 23 = -7. List the prime factors of u.
2
Suppose 5*p + 3 - 8 = 0. Let u(b) be the first derivative of b**4 + b**3/3 + b**2/2 - b + 18. List the prime factors of u(p).
5
Let q be ((-4)/(-6))/(6/27). Let d(x) = 15*x + 1. Let l be d(q). Let n = l - 23. What are the prime factors of n?
23
Suppose -i + 5*z + 83 + 87 = 0, -4*z + 188 = i. List the prime factors of i.
2, 3, 5
Let b be (3/(-4))/((-1)/36). Let d = -17 - -21. What are the prime factors of d/(-18) - (-168)/b?
2, 3
Let m = -16 - -125. What are the prime factors of m?
109
Suppose 4*i - 17 = r, 4*i - 2*r + 4*r - 2 = 0. Suppose i*s - 5*s + 25 = -d, -2*s + 2*d + 20 = 0. What are the prime factors of s?
3, 5
Let f(q) = -4*q + 4*q + 6 - 3*q + 2*q. Let d be f(7). Let b = 5 + d. What are the prime factors of b?
2
Let x(h) = -h**3 - 9*h**2 - 11*h - 12. Let g be x(-8). Let p = -7 + g. List the prime factors of p.
5
Let a = 6 + -16. Let l be (-8)/a*10/4. List the prime factors of l + (-1 - -3) + 8.
2, 3
Let b = -10 + 14. Let d = b - -1. List the prime factors of d.
5
Let p be 17/3 + 1/3. Let c(j) = -p - j - 3*j + 4*j - 2*j. List the prime factors of c(-7).
2
Let o = -55 + 124. Suppose -4*b + 0*b = 196. Let w = o + b. List the prime factors of w.
2, 5
Let v(y) = y - 1. Let d be v(-2). Let q = d + 2. Let c(l) = 10*l**2 + l + 1. What are the prime factors of c(q)?
2, 5
Suppose h + 0*h + 2*z - 23 = 0, 0 = 5*h - 5*z - 145. Suppose -161 = -5*g - v, -h = 3*g - 5*v - 118. List the prime factors of g.
2
Suppose 2*d - 2 = 2*m, -4*d + 2*m - 7*m + 13 = 0. Suppose -11 = -v + 3*k, 4*k + 4 = -3*v - d. List the prime factors of v.
2
Suppose -162 = -4*p + 34. Let d = -24 + p. Suppose d = 4*i - 7. What are the prime factors of i?
2
Suppose -3*i + 167 = -3*u + 7*u, -3*i = -u - 187. List the prime factors of i.
61
Let k be ((-9)/(-6))/((-1)/(-18)). Suppose 0 = 4*b + 20, 4*y = 3*b - 0*b + k. Suppose 15 = y*x - 0. List the prime factors of x.
5
List the prime factors of -2*1 + (-6)/2 + 40.
5, 7
Let b = -10 - -8. What are the prime factors of (-16)/b - 9/(-3)?
11
Suppose -5*o + 5*w + 1260 = 195, -629 = -3*o + w. List the prime factors of o.
2, 13